
True
Is 37031 a multiple of 316?
False
Is 4 a factor of 134?
False
Does 24 divide 1064?
False
Does 53 divide 1934?
False
Is 17 a factor of 2638?
False
Is 145 a factor of 40058?
False
Is 861 a multiple of 21?
True
Is 131 a factor of 2720?
False
Is 13 a factor of 13052?
True
Is 26 a factor of 22594?
True
Is 5 a factor of 505?
True
Is 163 even?
False
Is 3 a factor of 16?
False
Does 272 divide 489?
False
Does 10 divide 601?
False
Does 83 divide 22576?
True
Does 12 divide 34427?
False
Is 10125 a multiple of 25?
True
Is 1736 a multiple of 8?
True
Does 11 divide 3663?
True
Is 40 a factor of 1228?
False
Is 68 a factor of 7616?
True
Is 3 a factor of 901?
False
Is 50982 a multiple of 87?
True
Is 112096 a multiple of 471?
False
Is 2132 a multiple of 84?
False
Does 7 divide 1000?
False
Does 117 divide 5850?
True
Does 6 divide 78?
True
Is 522 a multiple of 9?
True
Is 4 a factor of 885?
False
Does 5 divide 1160?
True
Is 22913 a multiple of 11?
True
Does 57 divide 912?
True
Is 420 a multiple of 7?
True
Is 35 a factor of 770?
True
Does 19 divide 29203?
True
Is 22957 a multiple of 15?
False
Does 115 divide 3335?
True
Is 2520 a multiple of 28?
True
Does 30 divide 1593?
False
Does 72 divide 5976?
True
Is 20 a factor of 8334?
False
Is 15312 a multiple of 44?
True
Is 1742 a multiple of 13?
True
Does 35 divide 1298?
False
Is 34 a factor of 1082?
False
Is 14 a factor of 6244?
True
Is 1832 a multiple of 6?
False
Is 210 a multiple of 3?
True
Is 231 a multiple of 7?
True
Does 54 divide 3186?
True
Does 56 divide 8849?
False
Does 33 divide 1386?
True
Does 6 divide 8784?
True
Is 5068 a multiple of 14?
True
Does 8 divide 475?
False
Is 24696 a multiple of 63?
True
Does 5 divide 515?
True
Does 61 divide 1525?
True
Is 516 a multiple of 6?
True
Does 4 divide 13115?
False
Is 11 a factor of 2754?
False
Does 135 divide 8629?
False
Does 23 divide 1242?
True
Does 17 divide 155?
False
Does 63 divide 23175?
False
Does 34 divide 3774?
True
Is 8037 a multiple of 19?
True
Is 600 a multiple of 15?
True
Is 37036 a multiple of 10?
False
Does 7 divide 19808?
False
Is 31 a factor of 4200?
False
Is 1008 a multiple of 36?
True
Is 9 a factor of 20594?
False
Does 20 divide 100?
True
Is 954 a multiple of 8?
False
Is 1427 a multiple of 2?
False
Does 165 divide 3934?
False
Does 13 divide 8628?
False
Is 3165 a multiple of 5?
True
Does 102 divide 8257?
False
Does 61 divide 473?
False
Is 400 a multiple of 20?
True
Is 31753 a multiple of 15?
False
Does 23 divide 1656?
True
Is 972 a multiple of 18?
True
Is 1312 a multiple of 41?
True
Is 1301 a multiple of 147?
False
Is 329 a multiple of 2?
False
Does 22 divide 286?
True
Does 14 divide 7319?
False
Does 154 divide 11971?
False
Is 11 a factor of 218?
False
Is 3 a factor of 144?
True
Is 41384 a multiple of 16?
False
Is 372 a multiple of 2?
True
Is 11568 a multiple of 16?
True
Does 4 divide 261?
False
Does 10 divide 6680?
True
Does 12 divide 3877?
False
Does 17 divide 1027?
False
Does 12 divide 1740?
True
Does 15 divide 12150?
True
Does 6 divide 915?
False
Is 1461 a multiple of 13?
False
Does 36 divide 6480?
True
Is 72940 a multiple of 14?
True
Is 43274 a multiple of 14?
True
Does 14 divide 238?
True
Is 1000 a multiple of 21?
False
Does 7 divide 1701?
True
Does 6 divide 54?
True
Is 318 a multiple of 10?
False
Does 141 divide 11352?
False
Does 19 divide 10906?
True
Is 531 a multiple of 15?
False
Is 132 a factor of 14652?
True
Is 37 a factor of 4986?
False
Does 8 divide 13480?
True
Is 20783 a multiple of 3?
False
Does 17 divide 1586?
False
Is 17 a factor of 2414?
True
Is 44696 a multiple of 242?
False
Is 123 a factor of 4349?
False
Does 46 divide 39744?
True
Is 11317 a multiple of 67?
False
Is 199 a factor of 995?
True
Does 52 divide 1040?
True
Is 648 a multiple of 36?
True
Is 4459 a multiple of 91?
True
Does 7 divide 423?
False
Is 103 a factor of 87716?
False
Does 2 divide 890?
True
Is 680 a multiple of 8?
True
Is 327 a multiple of 39?
False
Is 12567 a multiple of 73?
False
Is 126 a factor of 16818?
False
Is 877 a multiple of 10?
False
Is 12669 a multiple of 16?
False
Is 12 a factor of 144?
True
Does 5 divide 1501?
False
Is 41 a factor of 102?
False
Is 13 a factor of 299?
True
Is 30 even?
True
Does 2 divide 75?
False
Is 79 a factor of 28440?
True
Is 123 a factor of 4674?
True
Does 12 divide 360?
True
Does 19 divide 11878?
False
Does 3 divide 2037?
True
Does 13 divide 1092?
True
Is 3780 a multiple of 84?
True
Is 8 a factor of 18588?
False
Is 6900 a multiple of 10?
True
Is 17 a factor of 2159?
True
Is 8624 a multiple of 4?
True
Is 258 even?
True
Is 18 a factor of 1303?
False
Is 9 a multiple of 9?
True
Does 17 divide 544?
True
Is 32 a factor of 32?
True
Does 9 divide 6949?
False
Is 13 a factor of 3884?
False
Is 35 a factor of 525?
True
Is 19 a factor of 4586?
False
Does 117 divide 24593?
False
Is 189 a multiple of 7?
True
Does 100 divide 6786?
False
Is 69 a factor of 33443?
False
Is 832 a multiple of 32?
True
Is 12835 a multiple of 33?
False
Is 20 a factor of 640?
True
Is 56 a factor of 85232?
True
Does 84 divide 2772?
True
Is 56 a factor of 2800?
True
Is 5300 a multiple of 25?
True
Is 1050 a multiple of 5?
True
Is 13 a factor of 4277?
True
Does 9 divide 666?
True
Is 15 a factor of 54390?
True
Does 220 divide 69228?
False
Is 3 a factor of 2374?
False
Is 383 a multiple of 27?
False
Does 8 divide 7032?
True
Does 6 divide 8471?
False
Is 174 a factor of 9918?
True
Does 14 divide 5460?
True
Is 3681 even?
False
Is 9 a factor of 6173?
False
Is 156 a multiple of 16?
False
Is 11289 a multiple of 42?
False
Does 22 divide 695?
False
Is 6114 a multiple of 222?
False
Is 40 a factor of 12320?
True
Is 164 a factor of 49036?
True
Does 26 divide 16494?
False
Is 76 a multiple of 19?
True
Is 2054 a multiple of 13?
True
Is 678 a multiple of 27?
False
Is 18 a factor of 72?
True
Is 51 a factor of 1254?
False
Does 4 divide 96?
True
Does 127 divide 4699?
True
Is 9 a factor of 1768?
False
Does 38 divide 6308?
True
Does 8 divide 912?
True
Does 18 divide 10584?
True
Does 4 divide 72?
True
Is 31 a factor of 127?
False
Is 118 a factor of 3403?
False
Is 25894 a multiple of 121?
True
Does 9 divide 234?
True
Is 3378 a multiple of 116?
False
Is 18 a factor of 62046?
True
Is 193 a factor of 28221?
False
Does 9 divide 216?
True
Is 1824 a multiple of 96?
True
Is 17 a factor of 46774?
False
Is 8753 a multiple of 80?
False
Is 3003 a multiple of 7?
True
Does 13 divide 2249?
True
Is 36 a factor of 5364?
True
Is 55 a multiple of 2?
False
Is 1615 a multiple of 23?
False
Is 42 a factor of 8820?
True
Is 27 a factor of 1107?
True
Does 107 divide 7169?
True
Does 15 divide 42515?
False
Is 95 a factor of 8740?
True
Is 34 a factor of 1738?
False
Is 8 a factor of 1075?
False
Is 17 a factor of 5670?
False
Is 14796 a multiple of 40?
False
Is 21 a factor of 3255?
True
Is 7048 a multiple of 15?
False
Is 260 a factor of 7297?
False
Is 415 a factor of 76685?
False
Does 85 divide 10574?
False
Is 2 a factor of 348?
True
Is 5195 a multiple of 5?
True
Does 25 divide 369?
False
Is 3042 a multiple of 20?
False
Does 73 divide 1716?
False
Is 12 a factor of 348?
True
Is 10 a factor of 14280?
True
Is 6554 a multiple of 31?
False
Does 27 divide 577?
False
Is 16 a factor of 208?
True
Does 14 divide 15814?
False
Is 7 a factor of 546?
True
Does 4 divide 743?
False
Is 476 a multiple of 34?
True
Is 2242 a multiple of 8?
False
Is 167 a factor of 3692?
False
Is 14868 a multiple of 46?
False
Is 264 a multiple of 6?
True
Is 33 a factor of 16038?
True
Does 54 divide 817?
False
Is 14888 a multiple of 40?
False
Is 18618 a multiple of 58?
True
Is 12 a factor of 1380?
True
Is 3026 a multiple of 13?
False
Does 19 divide 599?
False
Does 14 divide 2058?
True
Is 96 a factor of 3187?
False
Does 17 divide 850?
True
Does 46 divide 2340?
False
Is 2693 a multiple of 3?
False
Is 63332 a multiple of 13?
False
Does 4 divide 586?
False
Does 29 divide 471?
False
Does 39 divide 613?
False
Is 16 a factor of 480?
True
Is 5 a factor of 450?
True
Is 123 a factor of 5658?
True
Is 27 a factor of 1134?
True
Is 405 a multiple of 16?
False
Does 38 divide 532?
True
Does 12 divide 45876?
True
Is 11263 a multiple of 7?
True
Is 80 a factor of 11200?
True
Is 20016 a multiple of 24?
True
Is 23 a factor of 416?
False
Is 2176 a multiple of 32?
True
Is 2198 a multiple